{"id":856,"date":"2023-11-08T07:43:34","date_gmt":"2023-11-08T06:43:34","guid":{"rendered":"https:\/\/kvacany.fara.sk\/?page_id=856"},"modified":"2026-04-17T06:59:37","modified_gmt":"2026-04-17T04:59:37","slug":"aktuality","status":"publish","type":"page","link":"https:\/\/kvacany.fara.sk\/","title":{"rendered":"Aktuality"},"content":{"rendered":"\n<hr class=\"wp-block-separator has-alpha-channel-opacity\"\/>\n\n\n\n<p><strong>Modlitba za dar pokoja<\/strong><\/p>\n\n\n\n<p><strong>V\u0161emoh\u00faci Bo\u017ee,<br>ty si pred vekmi stvoril \u013eud\u00ed, aby v pokoji \u017eili na zemi<br>a zve\u013ea\u010fovali v\u0161etko, \u010d\u00edm si naplnil ich \u017eivot;<br>v\u0161etk\u00fdch, \u010do verili v teba, chr\u00e1nil si pred zlom a viedol v pokoji;<br>vypo\u010dul si t\u00fdch, \u010do ti s d\u00f4verou predn\u00e1\u0161ali svoje prosby,<br>a po\u017eehn\u00e1val si ka\u017ed\u00e9ho, kto bol pokorn\u00fd a \u010destn\u00fd.<br>Preto ti dnes s d\u00f4verou predklad\u00e1me t\u00fato modlitbu za pokoj po celom svete:<br>aby vz\u00e1jomn\u00fd dial\u00f3g a t\u00fa\u017eba po spravodlivosti zv\u00ed\u0165azili nad ohov\u00e1ran\u00edm a korupciou;<br>aby verejn\u00ed predstavitelia n\u00e1rodov spojili sily v boji so zlom a ka\u017edou nepr\u00e1vos\u0165ou.<br>Nech vo v\u0161etk\u00fdch krajin\u00e1ch, v ktor\u00fdch je volanie po mieri prehlu\u0161en\u00e9 rin\u010dan\u00edm zbran\u00ed:<br>najm\u00e4 vo Sv\u00e4tej zemi a v Ir\u00e1ne, v S\u00fdrii a v \u010fal\u0161\u00edch krajin\u00e1ch Bl\u00edzkeho v\u00fdchodu i Afriky,<br>ale aj na n\u00e1m bl\u00edzkej Ukrajine, zavl\u00e1dne pokoj a mier,<br>nech hodnota \u017eivota prev\u00fd\u0161i v\u0161etky z\u00e1ujmy ekonomiky aj ideol\u00f3gi\u00ed,<br>aby sme v\u0161etci h\u013eadali spolo\u010dn\u00e9 dobro, zastali sa najslab\u0161\u00edch, pomohli chudobn\u00fdm<br>a \u017eili jeden pre druh\u00e9ho ako \u010dlenovia ve\u013ekej rodiny,<br>ktorej prav\u00fd domov n\u00e1jdeme len v tebe, nebesk\u00fd Ot\u010de.<br>Skrze Krista, n\u00e1\u0161ho P\u00e1na. Amen.<\/strong><\/p>\n\n\n\n<hr class=\"wp-block-separator has-alpha-channel-opacity\"\/>\n\n\n\n<p><strong>Spr\u00e1vy z Vatik\u00e1nu<\/strong><\/p>\n\n\n\n<p><\/p>\n\n\n<ul class=\"has-dates wp-block-rss\"><li class='wp-block-rss__item'><div class='wp-block-rss__item-title'><a href='https:\/\/www.vaticannews.va\/sk\/papez\/news\/2026-04\/deviaty-den-apostolskej-cesty-papeza-leva-xiv-v-afrike.html'>Deviaty de\u0148 apo\u0161tolskej cesty p\u00e1pe\u017ea Leva XIV. v Afrike: politika slu\u017eby, kult\u00fara pravdy a d\u00f4stojnos\u0165 krehk\u00e9ho \u010dloveka<\/a><\/div><time datetime=\"2026-04-21T18:29:00+02:00\" class=\"wp-block-rss__item-publish-date\">21. apr\u00edla 2026<\/time> <\/li><li class='wp-block-rss__item'><div class='wp-block-rss__item-title'><a href='https:\/\/www.vaticannews.va\/sk\/papez\/news\/2026-04\/lev-xiv-v-psychiatrickej-nemocnici-v-malabe-skutocne-laska.html'>Lev XIV. v psychiatrickej nemocnici v Malabe: Skuto\u010dne ve\u013ek\u00e1 spolo\u010dnos\u0165 obklopuje slabos\u0165 l\u00e1skou<\/a><\/div><time datetime=\"2026-04-21T18:23:00+02:00\" class=\"wp-block-rss__item-publish-date\">21. apr\u00edla 2026<\/time> <\/li><li class='wp-block-rss__item'><div class='wp-block-rss__item-title'><a href='https:\/\/www.vaticannews.va\/sk\/papez\/news\/2026-04\/lev-xiv-v-malabe-univerzita-ma-formovat-ludi-schopnych-sluzit.html'>Lev XIV. v Malabe: Univerzita m\u00e1 formova\u0165 \u013eud\u00ed schopn\u00fdch sl\u00fa\u017ei\u0165 pravde a spolo\u010dn\u00e9mu dobru<\/a><\/div><time datetime=\"2026-04-21T16:36:00+02:00\" class=\"wp-block-rss__item-publish-date\">21. apr\u00edla 2026<\/time> <\/li><li class='wp-block-rss__item'><div class='wp-block-rss__item-title'><a href='https:\/\/www.vaticannews.va\/sk\/papez\/news\/2026-04\/lev-xiv-v-malabe-politika-potrebuje-odvahu-vizii-a-sluzbu.html'>Lev XIV. v Malabe: Politika potrebuje odvahu v\u00edzi\u00ed a slu\u017ebu spolo\u010dn\u00e9mu dobru<\/a><\/div><time datetime=\"2026-04-21T13:27:00+02:00\" class=\"wp-block-rss__item-publish-date\">21. apr\u00edla 2026<\/time> <\/li><li class='wp-block-rss__item'><div class='wp-block-rss__item-title'><a href='https:\/\/www.vaticannews.va\/sk\/papez\/news\/2026-04\/lev-xiv-cirkev-v-angole-rastie-a-moze-prispiet-k-presadzovaniu.html'>Lev XIV.: Cirkev v Angole rastie a m\u00f4\u017ee prispie\u0165 k presadzovaniu v\u0161eobecn\u00fdch pr\u00e1v<\/a><\/div><time datetime=\"2026-04-21T12:32:00+02:00\" class=\"wp-block-rss__item-publish-date\">21. apr\u00edla 2026<\/time> <\/li><li class='wp-block-rss__item'><div class='wp-block-rss__item-title'><a href='https:\/\/www.vaticannews.va\/sk\/papez\/news\/2026-04\/papez-lev-spomina-na-frantiskov-odkaz-milosrdenstva-pre-cirkev.html'>P\u00e1pe\u017e Lev spom\u00edna na Franti\u0161kov odkaz milosrdenstva pre Cirkev a svet<\/a><\/div><time datetime=\"2026-04-21T12:18:00+02:00\" class=\"wp-block-rss__item-publish-date\">21. apr\u00edla 2026<\/time> <\/li><li class='wp-block-rss__item'><div class='wp-block-rss__item-title'><a href='https:\/\/www.vaticannews.va\/sk\/svet\/news\/2026-04\/v-rovnikovej-guinee-sa-zacala-posledna-etapa-tretej-apostolskej.html'>V Rovn\u00edkovej Guinei sa za\u010dala posledn\u00e1 etapa tretej apo\u0161tolskej cesty Leva XIV.<\/a><\/div><time datetime=\"2026-04-21T11:48:00+02:00\" class=\"wp-block-rss__item-publish-date\">21. apr\u00edla 2026<\/time> <\/li><li class='wp-block-rss__item'><div class='wp-block-rss__item-title'><a href='https:\/\/www.vaticannews.va\/sk\/vatikan\/news\/2026-04\/todos-dokument-o-papezovi-frantiskovi-prve-vyrocie-smrti.html'>\u201eTodos, todos, todos!\u201c<\/a><\/div><time datetime=\"2026-04-21T09:11:00+02:00\" class=\"wp-block-rss__item-publish-date\">21. apr\u00edla 2026<\/time> <\/li><\/ul>","protected":false},"excerpt":{"rendered":"<p>Modlitba za dar pokoja V\u0161emoh\u00faci Bo\u017ee,ty si pred vekmi stvoril \u013eud\u00ed, aby v pokoji \u017eili na zemia zve\u013ea\u010fovali v\u0161etko, \u010d\u00edm si naplnil ich \u017eivot;v\u0161etk\u00fdch, \u010do verili v teba, chr\u00e1nil si pred zlom a viedol v pokoji;vypo\u010dul si t\u00fdch, \u010do ti&#8230;<\/p>\n","protected":false},"author":1,"featured_media":0,"parent":0,"menu_order":0,"comment_status":"open","ping_status":"closed","template":"","meta":{"footnotes":""},"class_list":["post-856","page","type-page","status-publish","hentry"],"_links":{"self":[{"href":"https:\/\/kvacany.fara.sk\/index.php?rest_route=\/wp\/v2\/pages\/856"}],"collection":[{"href":"https:\/\/kvacany.fara.sk\/index.php?rest_route=\/wp\/v2\/pages"}],"about":[{"href":"https:\/\/kvacany.fara.sk\/index.php?rest_route=\/wp\/v2\/types\/page"}],"author":[{"embeddable":true,"href":"https:\/\/kvacany.fara.sk\/index.php?rest_route=\/wp\/v2\/users\/1"}],"replies":[{"embeddable":true,"href":"https:\/\/kvacany.fara.sk\/index.php?rest_route=%2Fwp%2Fv2%2Fcomments&post=856"}],"version-history":[{"count":465,"href":"https:\/\/kvacany.fara.sk\/index.php?rest_route=\/wp\/v2\/pages\/856\/revisions"}],"predecessor-version":[{"id":2247,"href":"https:\/\/kvacany.fara.sk\/index.php?rest_route=\/wp\/v2\/pages\/856\/revisions\/2247"}],"wp:attachment":[{"href":"https:\/\/kvacany.fara.sk\/index.php?rest_route=%2Fwp%2Fv2%2Fmedia&parent=856"}],"curies":[{"name":"wp","href":"https:\/\/api.w.org\/{rel}","templated":true}]}}