{"id":50,"date":"2021-09-14T14:31:12","date_gmt":"2021-09-14T12:31:12","guid":{"rendered":"https:\/\/kvacany1.fara.sk\/?page_id=50"},"modified":"2025-07-02T13:28:50","modified_gmt":"2025-07-02T11:28:50","slug":"katarinsky-hlas","status":"publish","type":"page","link":"https:\/\/kvacany.fara.sk\/?page_id=50","title":{"rendered":"Katar\u00ednsky hlas"},"content":{"rendered":"\n<p><strong><mark style=\"background-color:rgba(0, 0, 0, 0)\" class=\"has-inline-color has-vivid-purple-color\">Archivovan\u00e9 vydania Katar\u00ednskeho hlasu:<\/mark><\/strong><\/p>\n\n\n\n<figure class=\"wp-block-table\"><table><tbody><tr><td>Katar\u00ednsky hlas \u010d. 2\/2007<\/td><td><a href=\"https:\/\/kvacany.fara.sk\/wp-content\/uploads\/2023\/06\/KH-2-07.pdf\" target=\"_blank\" rel=\"noreferrer noopener\">https:\/\/kvacany.fara.sk\/wp-content\/uploads\/2023\/06\/KH-2-07.pdf<\/a><\/td><\/tr><tr><td>Katar\u00ednsky hlas \u010d. 3\/2007<\/td><td><a href=\"https:\/\/kvacany.fara.sk\/wp-content\/uploads\/2023\/06\/KH-3-07.pdf\" target=\"_blank\" rel=\"noreferrer noopener\">https:\/\/kvacany.fara.sk\/wp-content\/uploads\/2023\/06\/KH-3-07.pdf<\/a><\/td><\/tr><tr><td>Katar\u00ednsky hlas \u010d. 4\/2007<\/td><td><a href=\"https:\/\/kvacany.fara.sk\/wp-content\/uploads\/2023\/06\/KH-4-07.pdf\" target=\"_blank\" rel=\"noreferrer noopener\">https:\/\/kvacany.fara.sk\/wp-content\/uploads\/2023\/06\/KH-4-07.pdf<\/a><\/td><\/tr><tr><td>Katar\u00ednsky hlas \u010d. 1\/2008<\/td><td><a href=\"https:\/\/kvacany.fara.sk\/wp-content\/uploads\/2023\/06\/KH-1-08.pdf\" target=\"_blank\" rel=\"noreferrer noopener\">https:\/\/kvacany.fara.sk\/wp-content\/uploads\/2023\/06\/KH-1-08.pdf<\/a><\/td><\/tr><tr><td>Katar\u00ednsky hlas \u010d. 2\/2008<\/td><td><a href=\"https:\/\/kvacany.fara.sk\/wp-content\/uploads\/2023\/06\/KH-2-08.pdf\" target=\"_blank\" rel=\"noreferrer noopener\">https:\/\/kvacany.fara.sk\/wp-content\/uploads\/2023\/06\/KH-2-08.pdf<\/a><\/td><\/tr><tr><td>Katar\u00ednsky hlas \u010d. 3\/2008<\/td><td><a href=\"https:\/\/kvacany.fara.sk\/wp-content\/uploads\/2023\/06\/KH-3-08.pdf\" target=\"_blank\" rel=\"noreferrer noopener\">https:\/\/kvacany.fara.sk\/wp-content\/uploads\/2023\/06\/KH-3-08.pdf<\/a><\/td><\/tr><tr><td>Katar\u00ednsky hlas \u010d. 4\/2008<\/td><td><a href=\"https:\/\/kvacany.fara.sk\/wp-content\/uploads\/2023\/06\/KH-4-08.pdf\" target=\"_blank\" rel=\"noreferrer noopener\">https:\/\/kvacany.fara.sk\/wp-content\/uploads\/2023\/06\/KH-4-08.pdf<\/a><\/td><\/tr><tr><td>Katar\u00ednsky hlas \u010d. 1\/2009<\/td><td><a href=\"https:\/\/kvacany.fara.sk\/wp-content\/uploads\/2023\/06\/KH-1-09.pdf\" target=\"_blank\" rel=\"noreferrer noopener\">https:\/\/kvacany.fara.sk\/wp-content\/uploads\/2023\/06\/KH-1-09.pdf<\/a><\/td><\/tr><tr><td>Katar\u00ednsky hlas \u010d. 2\/2009<\/td><td><a href=\"https:\/\/kvacany.fara.sk\/wp-content\/uploads\/2023\/06\/KH-2-09.pdf\" target=\"_blank\" rel=\"noreferrer noopener\">https:\/\/kvacany.fara.sk\/wp-content\/uploads\/2023\/06\/KH-2-09.pdf<\/a><\/td><\/tr><tr><td>Katar\u00ednsky hlas \u010d. 3\/2009<\/td><td><a href=\"https:\/\/kvacany.fara.sk\/wp-content\/uploads\/2023\/06\/KH-3-09.pdf\" target=\"_blank\" rel=\"noreferrer noopener\">https:\/\/kvacany.fara.sk\/wp-content\/uploads\/2023\/06\/KH-3-09.pdf<\/a><\/td><\/tr><tr><td>Katar\u00ednsky hlas \u010d. 1\/2010<\/td><td><a href=\"https:\/\/kvacany.fara.sk\/wp-content\/uploads\/2023\/06\/KH-1-10.pdf\" target=\"_blank\" rel=\"noreferrer noopener\">https:\/\/kvacany.fara.sk\/wp-content\/uploads\/2023\/06\/KH-1-10.pdf<\/a><\/td><\/tr><tr><td>Katar\u00ednsky hlas \u010d. 2\/2010<\/td><td><a href=\"https:\/\/kvacany.fara.sk\/wp-content\/uploads\/2023\/06\/KH-2-10.pdf\" target=\"_blank\" rel=\"noreferrer noopener\">https:\/\/kvacany.fara.sk\/wp-content\/uploads\/2023\/06\/KH-2-10.pdf<\/a><\/td><\/tr><tr><td>Katar\u00ednsky hlas \u010d. 3\/2010<\/td><td><a href=\"https:\/\/kvacany.fara.sk\/wp-content\/uploads\/2023\/06\/KH-3-10.pdf\" target=\"_blank\" rel=\"noreferrer noopener\">https:\/\/kvacany.fara.sk\/wp-content\/uploads\/2023\/06\/KH-3-10.pdf<\/a><\/td><\/tr><tr><td>Katar\u00ednsky hlas \u010d. 1\/2011<\/td><td><a href=\"https:\/\/kvacany.fara.sk\/wp-content\/uploads\/2023\/06\/KH-1-11.pdf\" target=\"_blank\" rel=\"noreferrer noopener\">https:\/\/kvacany.fara.sk\/wp-content\/uploads\/2023\/06\/KH-1-11.pdf<\/a><\/td><\/tr><tr><td>Katar\u00ednsky hlas \u010d. 2\/2011<\/td><td><a href=\"https:\/\/kvacany.fara.sk\/wp-content\/uploads\/2023\/06\/KH-2-11.pdf\" target=\"_blank\" rel=\"noreferrer noopener\">https:\/\/kvacany.fara.sk\/wp-content\/uploads\/2023\/06\/KH-2-11.pdf<\/a><\/td><\/tr><tr><td>Katar\u00ednsky hlas \u010d. 3\/2011<\/td><td><a href=\"https:\/\/kvacany.fara.sk\/wp-content\/uploads\/2023\/06\/KH-3-11.pdf\" target=\"_blank\" rel=\"noreferrer noopener\">https:\/\/kvacany.fara.sk\/wp-content\/uploads\/2023\/06\/KH-3-11.pdf<\/a><\/td><\/tr><tr><td>Katar\u00ednsky hlas \u010d. 1\/2012<\/td><td><a href=\"https:\/\/kvacany.fara.sk\/wp-content\/uploads\/2023\/06\/KH-1-12.pdf\" target=\"_blank\" rel=\"noreferrer noopener\">https:\/\/kvacany.fara.sk\/wp-content\/uploads\/2023\/06\/KH-1-12.pdf<\/a><\/td><\/tr><tr><td>Katar\u00ednsky hlas \u010d. 2\/2012<\/td><td><a href=\"https:\/\/kvacany.fara.sk\/wp-content\/uploads\/2023\/06\/KH-2-12.pdf\" target=\"_blank\" rel=\"noreferrer noopener\">https:\/\/kvacany.fara.sk\/wp-content\/uploads\/2023\/06\/KH-2-12.pdf<\/a><\/td><\/tr><tr><td>Katar\u00ednsky hlas \u010d. 3\/2012<\/td><td><a href=\"https:\/\/kvacany.fara.sk\/wp-content\/uploads\/2023\/06\/KH-3-12.pdf\" target=\"_blank\" rel=\"noreferrer noopener\">https:\/\/kvacany.fara.sk\/wp-content\/uploads\/2023\/06\/KH-3-12.pdf<\/a><\/td><\/tr><tr><td>Katar\u00ednsky hlas \u010d. 1\/2013<\/td><td><a href=\"https:\/\/kvacany.fara.sk\/wp-content\/uploads\/2023\/06\/KH-1-13.pdf\" target=\"_blank\" rel=\"noreferrer noopener\">https:\/\/kvacany.fara.sk\/wp-content\/uploads\/2023\/06\/KH-1-13.pdf<\/a><\/td><\/tr><tr><td>Katar\u00ednsky hlas \u010d. 2\/2013<\/td><td><a href=\"https:\/\/kvacany.fara.sk\/wp-content\/uploads\/2023\/06\/KH-2-13.pdf\" target=\"_blank\" rel=\"noreferrer noopener\">https:\/\/kvacany.fara.sk\/wp-content\/uploads\/2023\/06\/KH-2-13.pdf<\/a><\/td><\/tr><tr><td>Katar\u00ednsky hlas \u010d. 3\/2013<\/td><td><a href=\"https:\/\/kvacany.fara.sk\/wp-content\/uploads\/2023\/06\/KH-3-13.pdf\" target=\"_blank\" rel=\"noreferrer noopener\">https:\/\/kvacany.fara.sk\/wp-content\/uploads\/2023\/06\/KH-3-13.pdf<\/a><\/td><\/tr><tr><td>Katar\u00ednsky hlas \u010d. 1\/2014<\/td><td><a href=\"https:\/\/kvacany.fara.sk\/wp-content\/uploads\/2023\/06\/KH-1-14.pdf\" target=\"_blank\" rel=\"noreferrer noopener\">https:\/\/kvacany.fara.sk\/wp-content\/uploads\/2023\/06\/KH-1-14.pdf<\/a><\/td><\/tr><tr><td>Katar\u00ednsky hlas \u010d. 2\/2014<\/td><td><a href=\"https:\/\/kvacany.fara.sk\/wp-content\/uploads\/2023\/06\/KH-2-14.pdf\" target=\"_blank\" rel=\"noreferrer noopener\">https:\/\/kvacany.fara.sk\/wp-content\/uploads\/2023\/06\/KH-2-14.pdf<\/a><\/td><\/tr><tr><td>Katar\u00ednsky hlas \u010d. 1\/2015<\/td><td><a href=\"https:\/\/kvacany.fara.sk\/wp-content\/uploads\/2023\/06\/KH-1-15.pdf\" target=\"_blank\" rel=\"noreferrer noopener\">https:\/\/kvacany.fara.sk\/wp-content\/uploads\/2023\/06\/KH-1-15.pdf<\/a><\/td><\/tr><tr><td>Katar\u00ednsky hlas \u010d. 2\/2015<\/td><td><a href=\"https:\/\/kvacany.fara.sk\/wp-content\/uploads\/2023\/06\/KH-2-15.pdf\" target=\"_blank\" rel=\"noreferrer noopener\">https:\/\/kvacany.fara.sk\/wp-content\/uploads\/2023\/06\/KH-2-15.pdf<\/a><\/td><\/tr><tr><td>Katar\u00ednsky hlas \u010d. 3\/2015<\/td><td><a href=\"https:\/\/kvacany.fara.sk\/wp-content\/uploads\/2023\/06\/KH-3-15.pdf\" target=\"_blank\" rel=\"noreferrer noopener\">https:\/\/kvacany.fara.sk\/wp-content\/uploads\/2023\/06\/KH-3-15.pdf<\/a><\/td><\/tr><tr><td>Katar\u00ednsky hlas \u010d. 1\/2016<\/td><td><a href=\"https:\/\/kvacany.fara.sk\/wp-content\/uploads\/2023\/06\/KH-1-16.pdf\" target=\"_blank\" rel=\"noreferrer noopener\">https:\/\/kvacany.fara.sk\/wp-content\/uploads\/2023\/06\/KH-1-16.pdf<\/a><\/td><\/tr><tr><td>Katar\u00ednsky hlas \u010d. 2\/2016<\/td><td><a href=\"https:\/\/kvacany.fara.sk\/wp-content\/uploads\/2023\/06\/KH-2-16.pdf\" target=\"_blank\" rel=\"noreferrer noopener\">https:\/\/kvacany.fara.sk\/wp-content\/uploads\/2023\/06\/KH-2-16.pdf<\/a><\/td><\/tr><tr><td>Katar\u00ednsky hlas \u010d. 1\/2017<\/td><td><a href=\"https:\/\/kvacany.fara.sk\/wp-content\/uploads\/2023\/06\/KH-1-17.pdf\" target=\"_blank\" rel=\"noreferrer noopener\">https:\/\/kvacany.fara.sk\/wp-content\/uploads\/2023\/06\/KH-1-17.pdf<\/a><\/td><\/tr><tr><td>Katar\u00ednsky hlas \u010d. 1\/2018<\/td><td><a href=\"https:\/\/kvacany.fara.sk\/wp-content\/uploads\/2023\/06\/KH-1-18.pdf\" target=\"_blank\" rel=\"noreferrer noopener\">https:\/\/kvacany.fara.sk\/wp-content\/uploads\/2023\/06\/KH-1-18.pdf<\/a><\/td><\/tr><tr><td>Katar\u00ednsky hlas \u010d. 1\/2019<\/td><td><a href=\"https:\/\/kvacany.fara.sk\/wp-content\/uploads\/2023\/06\/KH-1-19.pdf\" target=\"_blank\" rel=\"noreferrer noopener\">https:\/\/kvacany.fara.sk\/wp-content\/uploads\/2023\/06\/KH-1-19.pdf<\/a><\/td><\/tr><tr><td>Katar\u00ednsky hlas \u010d. 1\/2020<\/td><td><a href=\"https:\/\/kvacany.fara.sk\/wp-content\/uploads\/2023\/06\/KH-1-20.pdf\" target=\"_blank\" rel=\"noreferrer noopener\">https:\/\/kvacany.fara.sk\/wp-content\/uploads\/2023\/06\/KH-1-20.pdf<\/a><\/td><\/tr><tr><td>Katar\u00ednsky hlas \u010d. 1\/2021<\/td><td><a href=\"https:\/\/kvacany.fara.sk\/wp-content\/uploads\/2023\/06\/KH-1-21.pdf\" target=\"_blank\" rel=\"noreferrer noopener\">https:\/\/kvacany.fara.sk\/wp-content\/uploads\/2023\/06\/KH-1-21.pdf<\/a><\/td><\/tr><tr><td>Katar\u00ednsky hlas \u010d. 1\/2022<\/td><td><a href=\"https:\/\/kvacany.fara.sk\/wp-content\/uploads\/2023\/06\/KH-1-22.pdf\" target=\"_blank\" rel=\"noreferrer noopener\">https:\/\/kvacany.fara.sk\/wp-content\/uploads\/2023\/06\/KH-1-22.pdf<\/a><\/td><\/tr><\/tbody><\/table><\/figure>\n","protected":false},"excerpt":{"rendered":"<p>Archivovan\u00e9 vydania Katar\u00ednskeho hlasu: Katar\u00ednsky hlas \u010d. 2\/2007 https:\/\/kvacany.fara.sk\/wp-content\/uploads\/2023\/06\/KH-2-07.pdf Katar\u00ednsky hlas \u010d. 3\/2007 https:\/\/kvacany.fara.sk\/wp-content\/uploads\/2023\/06\/KH-3-07.pdf Katar\u00ednsky hlas \u010d. 4\/2007 https:\/\/kvacany.fara.sk\/wp-content\/uploads\/2023\/06\/KH-4-07.pdf Katar\u00ednsky hlas \u010d. 1\/2008 https:\/\/kvacany.fara.sk\/wp-content\/uploads\/2023\/06\/KH-1-08.pdf Katar\u00ednsky hlas \u010d. 2\/2008 https:\/\/kvacany.fara.sk\/wp-content\/uploads\/2023\/06\/KH-2-08.pdf Katar\u00ednsky hlas \u010d. 3\/2008 https:\/\/kvacany.fara.sk\/wp-content\/uploads\/2023\/06\/KH-3-08.pdf Katar\u00ednsky hlas \u010d. 4\/2008 https:\/\/kvacany.fara.sk\/wp-content\/uploads\/2023\/06\/KH-4-08.pdf Katar\u00ednsky&#8230;<\/p>\n","protected":false},"author":1,"featured_media":0,"parent":0,"menu_order":0,"comment_status":"closed","ping_status":"closed","template":"","meta":{"footnotes":""},"class_list":["post-50","page","type-page","status-publish","hentry"],"_links":{"self":[{"href":"https:\/\/kvacany.fara.sk\/index.php?rest_route=\/wp\/v2\/pages\/50"}],"collection":[{"href":"https:\/\/kvacany.fara.sk\/index.php?rest_route=\/wp\/v2\/pages"}],"about":[{"href":"https:\/\/kvacany.fara.sk\/index.php?rest_route=\/wp\/v2\/types\/page"}],"author":[{"embeddable":true,"href":"https:\/\/kvacany.fara.sk\/index.php?rest_route=\/wp\/v2\/users\/1"}],"replies":[{"embeddable":true,"href":"https:\/\/kvacany.fara.sk\/index.php?rest_route=%2Fwp%2Fv2%2Fcomments&post=50"}],"version-history":[{"count":20,"href":"https:\/\/kvacany.fara.sk\/index.php?rest_route=\/wp\/v2\/pages\/50\/revisions"}],"predecessor-version":[{"id":513,"href":"https:\/\/kvacany.fara.sk\/index.php?rest_route=\/wp\/v2\/pages\/50\/revisions\/513"}],"wp:attachment":[{"href":"https:\/\/kvacany.fara.sk\/index.php?rest_route=%2Fwp%2Fv2%2Fmedia&parent=50"}],"curies":[{"name":"wp","href":"https:\/\/api.w.org\/{rel}","templated":true}]}}