{"id":46,"date":"2021-09-14T14:30:47","date_gmt":"2021-09-14T12:30:47","guid":{"rendered":"https:\/\/kvacany1.fara.sk\/?page_id=46"},"modified":"2025-07-02T13:29:43","modified_gmt":"2025-07-02T11:29:43","slug":"farska-rada","status":"publish","type":"page","link":"https:\/\/kvacany.fara.sk\/?page_id=46","title":{"rendered":"Farsk\u00e1 rada"},"content":{"rendered":"\n<h3 class=\"wp-block-heading\"><strong>FARSK\u00c1 PASTORA\u010cN\u00c1 RADA (FPR)<\/strong><\/h3>\n\n\n\n<p>Ide o poradn\u00fd zbor veriacich farnosti, ktor\u00fd m\u00e1 svoje opr\u00e1vnenie v&nbsp;K\u00f3dexe k\u00e1nonick\u00e9ho pr\u00e1va (k\u00e1n. 536). Veriaci tak maj\u00fa poskytova\u0165 svoju pomoc pri rozv\u00edjan\u00ed pastora\u010dnej \u010dinnosti. FPR m\u00e1 poradn\u00fd hlas.<\/p>\n\n\n\n<p>Po\u010det \u010dlenov FPR z\u00e1vis\u00ed od po\u010dtu veriacich, ale najmenej p\u00e4\u0165. FPR sa sklad\u00e1 z \u010dlenov:<\/p>\n\n\n\n<p>&#8211; <strong>\u00faradn\u00fdch<\/strong>: far\u00e1r a z\u00e1stupcovia k\u0148azov \u010dinn\u00fdch v pastora\u010dnej slu\u017ebe;<br>&#8211; <strong>menovan\u00fdch<\/strong>: jeden z cirkevn\u00fdch zamestnancov, menuje ho far\u00e1r;<br>&#8211; <strong>zvolen\u00fdch<\/strong>: musia tvori\u0165 nadpolovi\u010dn\u00fa v\u00e4\u010d\u0161inu;<br>&#8211; <strong>delegovan\u00fdch<\/strong>: jeden z\u00e1stupca rehol\u00ed p\u00f4sobiacich vo farnosti.<\/p>\n\n\n\n<p>\u010clen FPR m\u00e1 by\u0165 akt\u00edvnym katol\u00edkom, s&nbsp;trval\u00fdm bydliskom vo farnosti, nie je vyl\u00fa\u010den\u00fd z eucharistick\u00e9ho spolo\u010denstva, prijal sviatos\u0165 birmovania a pln\u00ed si svoje krstn\u00e9 z\u00e1v\u00e4zky, dov\u0155\u0161il 18 rokov \u017eivota. \u010clenstvo vo FPR vznik\u00e1 zaujat\u00edm \u00faradu, menovan\u00edm, alebo vo\u013ebou, \u010di delegovan\u00edm.<\/p>\n\n\n\n<p>\u010clenovia FPR sa nimi stavaj\u00fa prijat\u00edm dekr\u00e9tu od far\u00e1ra. Maj\u00fa povinnosti a pr\u00e1va odo d\u0148a schv\u00e1lenia celej FPR. \u010clenstvo vo FPR, okrem far\u00e1ra je na p\u00e4\u0165 rokov. Po plynut\u00ed tejto doby m\u00f4\u017ee byt ka\u017ed\u00fd \u010dlen op\u00e4tovne zvolen\u00fd, alebo menovan\u00fd.<\/p>\n\n\n\n<p>Ktor\u00e9hoko\u013evek z \u010dlenov PR, ktor\u00fd sa nez\u00fa\u010dastnil \u0161tyroch po sebe nasleduj\u00facich stretnut\u00ed bez patri\u010dn\u00e9ho vysvetlenia mo\u017eno poklada\u0165, \u017ee odst\u00fapil. \u010clena FPR mo\u017eno, po porade s celou FPR, pozbavi\u0165 \u010dlenstva, ak s\u00fa na to z\u00e1va\u017en\u00e9 d\u00f4vody. Upr\u00e1zdnen\u00e9 miesto sa dopln\u00ed sp\u00f4sobom, ak\u00fdm vzniklo.<\/p>\n\n\n\n<p><strong>Predsedom FPR<\/strong> je miestny far\u00e1r.<\/p>\n\n\n\n<p><strong>Tajomn\u00edk<\/strong> zhotovuje v\u0161etky potrebn\u00e9 p\u00edsomn\u00e9 doklady, pri stretnutiach p\u00ed\u0161e z\u00e1pisnicu, ktor\u00e1 podlieha dekanskej vizit\u00e1cii.<\/p>\n\n\n\n<p>V\u00fdkonn\u00e9 org\u00e1ny FPR. Na realizovanie pastora\u010dn\u00fdch programov si FPR vytv\u00e1ra sekcie.<br><strong>Organiza\u010dno-hospod\u00e1rska sekcia<\/strong> sa star\u00e1 a o poriadok v kostole, v\u00fdzdobu a organizovanie potrebn\u00fdch pr\u00e1c vo farnosti.<br><strong>Charitat\u00edvna sekcia<\/strong> sa star\u00e1 sa o duchovn\u00e9 a hmotn\u00e9 potreby chor\u00fdch a n\u00fadznych.<br><strong>Liturgick\u00e1 sekcia<\/strong> db\u00e1 o liturgick\u00fd \u017eivot vo farnosti.<br><strong>Katechetick\u00e1 sekcia<\/strong> m\u00e1 na starosti katechetick\u00fa \u010dinnos\u0165 vo farnosti, katechiz\u00e1ciu det\u00ed, ml\u00e1de\u017ee a dospel\u00fdch.<br><strong>Pastora\u010dn\u00e1 sekcia<\/strong> pripravuje a rozmno\u017euje materi\u00e1ly pre potreby farskej pastora\u010dnej \u010dinnosti. Riadi \u010dinnos\u0165 farskej kni\u017enice, star\u00e1 sa o n\u00e1stenky a podobne.<\/p>\n\n\n\n<p><strong>Porady sa maj\u00fa kona\u0165 \u0161tyri kr\u00e1t do roka<\/strong>.<\/p>\n\n\n\n<p>Porade predsed\u00e1 far\u00e1r. On m\u00e1 ur\u010di\u0165 term\u00edn a program porady. Ostatn\u00ed \u010dlenovia m\u00f4\u017eu prida\u0165 \u010fal\u0161ie body programu. Kr\u00e1tky \u010das ka\u017edej porady m\u00e1 sa venova\u0165 modlitbe a \u00favahe nad vybran\u00fdm textom Bo\u017eieho slova. Na porade mus\u00ed by\u0165 pr\u00edtomn\u00e1 aspo\u0148 polovica \u010dlenov. Mimoriadnu poradu zvol\u00e1va predseda alebo na po\u017eiadanie aspo\u0148 jednej tretiny \u010dlenov FPR. Jednotliv\u00e9 sekcie m\u00f4\u017eu sa sch\u00e1dza\u0165 a&nbsp;pracova\u0165 samostatne&nbsp; s vedom\u00edm far\u00e1ra.<\/p>\n\n\n\n<p><strong>Volebn\u00fd poriadok pre vo\u013eby do FPR:<\/strong> Far\u00e1r ozn\u00e1mi po dve nasleduj\u00face nedele d\u00e1tum vo\u013eby. Vysvetl\u00ed pritom, kto m\u00e1 pr\u00e1vo voli\u0165 a kto m\u00f4\u017ee by\u0165 zvolen\u00fd a povzbud\u00ed&nbsp; veriacich k \u00fa\u010dasti na vo\u013ebe. Far\u00e1r priprav\u00ed pr\u00e1zdne volebn\u00e9 l\u00edstky, kde je farsk\u00e1 pe\u010diatka a d\u00e1tum volieb s&nbsp;mo\u017enos\u0165ou dop\u00edsa\u0165 kandid\u00e1tov.<\/p>\n\n\n\n<p>V jednu nede\u013eu sa l\u00edstky odovzdaj\u00fa po bohoslu\u017eb\u00e1ch veriacim a druh\u00fa nede\u013eu sa pozbieraj\u00fa. T\u00ed, \u010do dostan\u00fa najvy\u0161\u0161\u00ed po\u010det hlasov, stan\u00fa sa \u010dlenmi FPR.<\/p>\n\n\n\n<p>Far\u00e1r menuje dvoch skrut\u00e1torov (s ich s\u00fahlasom) ad hoc a jedn\u00e9ho zapisovate\u013ea ad hoc (s jeho s\u00fahlasom). Oni vykonaj\u00fa s\u010d\u00edtanie hlasov a z\u00e1pisni\u010dne zaeviduj\u00fa v\u00fdsledky volieb. Po vo\u013eb\u00e1ch, v najbli\u017e\u0161iu nede\u013eu obozn\u00e1mi far\u00e1r cel\u00fa farnos\u0165 s v\u00fdsledkom volieb. Po vo\u013eb\u00e1ch do desa\u0165 dn\u00ed far\u00e1r zvol\u00e1 stretnutie FPR, na ktorom sa zvol\u00ed tajomn\u00edk a ved\u00faci jednotliv\u00fdch sekci\u00ed. (Spolupracovn\u00edci jednotliv\u00fdch sekci\u00ed nemusia by\u0165 \u010dlenmi farskej rady.)<\/p>\n\n\n\n<p>Povinnosti \u010dlenov FPR: obozn\u00e1mi\u0165 sa s pastora\u010dn\u00fdmi pokynmi diec\u00e9zneho biskupa, Konferencie biskupov Slovenska a Apo\u0161tolskej Stolice. Je \u00falohou far\u00e1ra, aby bol v tomto bode n\u00e1pomocn\u00fd a s\u00e1m sa postaral o duchovn\u00fa form\u00e1ciu \u010dlenov FPR. FPR, podobne ako cel\u00e1 farnos\u0165, sa m\u00e1 podie\u013ea\u0165 na \u017eivote celej miestnej cirkvi, diec\u00e9zy. Far\u00e1r ani FPR nemaj\u00fa pr\u00e1vomoc urobi\u0165 rozhodnutia, &nbsp;ktor\u00e9 by boli proti spolo\u010dn\u00e9mu dobru farnosti alebo diec\u00e9zy.<\/p>\n\n\n\n<p>Tieto stanovy ako v\u0161eobecn\u00e9 normy schv\u00e1lil v Spi\u0161skom Podhrad\u00ed 20. m\u00e1ja 1993, na sviatok Nanebovst\u00fapenia P\u00e1na, mons. ThDr. Franti\u0161ek Tondra, spi\u0161sk\u00fd biskup.<\/p>\n\n\n\n<p><strong>Farsk\u00e1 rada farnosti KVA\u010cANY<\/strong>.<\/p>\n\n\n\n<ul class=\"wp-block-list\"><li>Stanislav \u0160verha \u2013 predseda<\/li><li>Stan\u00edkov\u00e1 Viera \u2013 tajomn\u00edk<\/li><\/ul>\n\n\n\n<p><strong>Hospod\u00e1rska rada:<\/strong><\/p>\n\n\n\n<ul class=\"wp-block-list\"><li>Gromsk\u00e1 J\u00falia \u2013 pokladn\u00edk<\/li><li>Gr\u00fa\u0148ov\u00e1 Daniela \u2013 \u010dlen<\/li><li>Sihotsk\u00fd Marek \u2013 \u010dlen<\/li><li>\u010euro\u0148 Vladim\u00edr<\/li><li>Tylka Mari\u00e1n<\/li><\/ul>\n\n\n\n<p><strong>Pastora\u010dn\u00e1 rada:<\/strong><\/p>\n\n\n\n<ul class=\"wp-block-list\"><li>B\u00e1lek Jaroslav \u2013 \u010dlen<\/li><li>Tylkov\u00e1 Berta \u2013 \u010dlen<\/li><li>Galicov\u00e1 Anna \u2013 \u010dlen<\/li><li>Harychov\u00e1 Helena \u2013 \u010dlen<\/li><li>Galica Milan \u2013 \u010dlen<\/li><li>Gromsk\u00fd Ladislav \u2013 \u010dlen<\/li><\/ul>\n\n\n\n<p><\/p>\n","protected":false},"excerpt":{"rendered":"<p>FARSK\u00c1 PASTORA\u010cN\u00c1 RADA (FPR) Ide o poradn\u00fd zbor veriacich farnosti, ktor\u00fd m\u00e1 svoje opr\u00e1vnenie v&nbsp;K\u00f3dexe k\u00e1nonick\u00e9ho pr\u00e1va (k\u00e1n. 536). Veriaci tak maj\u00fa poskytova\u0165 svoju pomoc pri rozv\u00edjan\u00ed pastora\u010dnej \u010dinnosti. FPR m\u00e1 poradn\u00fd hlas. Po\u010det \u010dlenov FPR z\u00e1vis\u00ed od po\u010dtu veriacich,&#8230;<\/p>\n","protected":false},"author":1,"featured_media":0,"parent":0,"menu_order":0,"comment_status":"closed","ping_status":"closed","template":"","meta":{"footnotes":""},"class_list":["post-46","page","type-page","status-publish","hentry"],"_links":{"self":[{"href":"https:\/\/kvacany.fara.sk\/index.php?rest_route=\/wp\/v2\/pages\/46"}],"collection":[{"href":"https:\/\/kvacany.fara.sk\/index.php?rest_route=\/wp\/v2\/pages"}],"about":[{"href":"https:\/\/kvacany.fara.sk\/index.php?rest_route=\/wp\/v2\/types\/page"}],"author":[{"embeddable":true,"href":"https:\/\/kvacany.fara.sk\/index.php?rest_route=\/wp\/v2\/users\/1"}],"replies":[{"embeddable":true,"href":"https:\/\/kvacany.fara.sk\/index.php?rest_route=%2Fwp%2Fv2%2Fcomments&post=46"}],"version-history":[{"count":3,"href":"https:\/\/kvacany.fara.sk\/index.php?rest_route=\/wp\/v2\/pages\/46\/revisions"}],"predecessor-version":[{"id":151,"href":"https:\/\/kvacany.fara.sk\/index.php?rest_route=\/wp\/v2\/pages\/46\/revisions\/151"}],"wp:attachment":[{"href":"https:\/\/kvacany.fara.sk\/index.php?rest_route=%2Fwp%2Fv2%2Fmedia&parent=46"}],"curies":[{"name":"wp","href":"https:\/\/api.w.org\/{rel}","templated":true}]}}